{"id":6333,"date":"2023-03-10T14:15:04","date_gmt":"2023-03-10T13:15:04","guid":{"rendered":"https:\/\/edpcp.ipcms.fr\/?page_id=6333"},"modified":"2023-04-06T14:08:21","modified_gmt":"2023-04-06T13:08:21","slug":"sujets-prioritaires-2023","status":"publish","type":"page","link":"https:\/\/edpcp.ipcms.fr\/?page_id=6333&lang=en","title":{"rendered":"Sujets prioritaires 2023"},"content":{"rendered":"<h2>Sujet prioritaires 2023 \/ Priority Research Topics 2023<\/h2>\n<p style=\"text-align: center;\"><a href=\"https:\/\/www.is2m.uha.fr\/fr\/accueil\/\"><strong>Institut de Sciences des Mat\u00e9riaux de Mulhouse \u2013 UMR 7361<\/strong><\/a><\/p>\n<p>1. <a href=\"http:\/\/edpcp.ipcms.fr\/wp-content\/uploads\/2023\/03\/BECHT_IS2M.pdf\">Mise au point de nouvelles r\u00e9actions sous lumi\u00e8re visible pour la chimie fine<\/a> (BECHT Jean-Michel)<\/p>\n<p>2. <a href=\"http:\/\/edpcp.ipcms.fr\/wp-content\/uploads\/2023\/03\/BENNICI_IS2M.pdf\">Development of adsorbent materials (catalyst support) for CO2 capture and conversion<\/a> (BENNICI Simona)<\/p>\n<p>3. <a href=\"http:\/\/edpcp.ipcms.fr\/wp-content\/uploads\/2023\/03\/GHIMBEU_IS2M.pdf\">3D printing of Carbon Architectures using bio-based resins CMH<\/a> (GHIMBEU Cam\u00e9lia et SPANGERNBERG Arnaud (co-directeur))<\/p>\n<p>4. <a href=\"http:\/\/edpcp.ipcms.fr\/wp-content\/uploads\/2023\/03\/JADA_IS2M.pdf\">Synth\u00e8se d\u2019adsorbants composites catalytiques et leur application dans l\u2019\u00e9limination et la d\u00e9gradation des polluants organiques<\/a> (JADA Amane)<\/p>\n<p>5. <a href=\"http:\/\/edpcp.ipcms.fr\/wp-content\/uploads\/2023\/03\/LIMOUSY_IS2M.pdf\">Mise au point d\u2019une m\u00e9thode originale d\u2019\u00e9laboration de mat\u00e9riaux composites de type c\u0153ur-enveloppe permettant la modulation des propri\u00e9t\u00e9s de relargage\/adsorption<\/a> (LIMOUSY Lionel)<\/p>\n<p>6. <a href=\"http:\/\/edpcp.ipcms.fr\/wp-content\/uploads\/2023\/03\/PARMENTIER_IS2M.pdf\">Fonctionnalisation par polym\u00e9risation plasma de monolithes de carbone \u00e0 porosit\u00e9 hi\u00e9rarchis\u00e9e<\/a> (PARMENTIER Julien et BALLY-LE GALL Florence (co-encadrante))<\/p>\n<p>7. <a href=\"http:\/\/edpcp.ipcms.fr\/wp-content\/uploads\/2023\/03\/ARNOLD_IS2M.pdf\">Virus-Like Signaling platforms for Regenerative Medicine Applications<\/a> (PIEUCHOT Laurent et ARNOLD Carole (co-encadrante))<\/p>\n<p>8. <a href=\"http:\/\/edpcp.ipcms.fr\/wp-content\/uploads\/2023\/03\/SIMON-MASSERON_IS2M.pdf\">Elaboration de composites z\u00e9olithe\/polym\u00e8re pour l\u2019impression 3D<\/a> (SIMON-MASSERON Ang\u00e9lique)<\/p>\n<p>9. <a href=\"http:\/\/edpcp.ipcms.fr\/wp-content\/uploads\/2023\/03\/SONNET_IS2M.pdf\">Simulations num\u00e9riques de couches 2D\/1D de germanene sur diff\u00e9rents substrats<\/a> (SONNET Philippe et HANF Marie-Christine Stefan Regis (co-directrice))<\/p>\n<p>10. <a href=\"http:\/\/edpcp.ipcms.fr\/wp-content\/uploads\/2023\/03\/VONNA_IS2M.pdf\">Mouillabilit\u00e9 de surfaces structur\u00e9es nouvelles<\/a> (VONNA Laurent)<\/p>\n<p>&nbsp;<\/p>\n<p style=\"text-align: center;\"><a href=\"https:\/\/www.u1121.inserm.fr\/\"><strong>Laboratoire des Biomat\u00e9riaux et Ing\u00e9nierie Tissulaire, INSERM \u2013 UMR 1121<\/strong><\/a><\/p>\n<p>11. <a href=\"http:\/\/edpcp.ipcms.fr\/wp-content\/uploads\/2023\/03\/BALL_INSERM-U1121.pdf\">Extraction de mol\u00e9cules actives issues de l\u2019\u00e9corce de bouleau et leur incorporation au sein de biomat\u00e9riaux<\/a> (Vincent BALL)<\/p>\n<p>12. <a href=\"http:\/\/edpcp.ipcms.fr\/wp-content\/uploads\/2023\/03\/MEYER_INSERM-U1121.pdf\">D\u00e9veloppement d\u2019un syst\u00e8me de d\u00e9livrance microparticulaire \u00e0 base de biomat\u00e9riaux prot\u00e9iques autoassembl\u00e9s<\/a> (Florent MEYER)<\/p>\n<p>13. <a href=\"http:\/\/edpcp.ipcms.fr\/wp-content\/uploads\/2023\/03\/VAUTIER_Inserm-U1121.pdf\">Peptides biod\u00e9gradables et biocapteurs incorpor\u00e9s dans des \u00ab microscaffolds \u00bb pr\u00e9-cellularis\u00e9s pour r\u00e9guler l&rsquo;activit\u00e9 m\u00e9tabolique et la maturation d&rsquo;organo\u00efdes bioimprim\u00e9s<\/a> (Dominique VAUTIER)<\/p>\n<p>&nbsp;<\/p>\n<p style=\"text-align: center;\"><a href=\"http:\/\/www.iphc.cnrs.fr\/\"><strong>Institut Pluridisciplinaire Hubert Curien \u2013 UMR 7178<\/strong><\/a><\/p>\n<p>14. <a href=\"http:\/\/edpcp.ipcms.fr\/wp-content\/uploads\/2023\/04\/Arbor_Vanstalle_IPHC.pdf\">Development of a compact detection system for neutron measurements in hadrontherapy<\/a> (ARBOR Nicolas \/ VANSTALLE Marie)<\/p>\n<p>15. <a href=\"http:\/\/edpcp.ipcms.fr\/wp-content\/uploads\/2023\/04\/Besson_ElBitar_IPHC.pdf\">New generation of CMOS pixel sensors for future colliders<\/a> (BESSON Auguste \/ EL BITAR Ziad)<\/p>\n<p>16. <a href=\"http:\/\/edpcp.ipcms.fr\/wp-content\/uploads\/2023\/04\/Boltoeva_Trebouet_IPHC.pdf\">Recyclage des m\u00e9taux strategiques issus des batteries de voiture par une technologie innovante de membrane liquide ionique support\u00e9e<\/a> (BOLTOEVA Maria \/ TREBOUET Dominique)<\/p>\n<p>17. <a href=\"http:\/\/edpcp.ipcms.fr\/wp-content\/uploads\/2023\/04\/Collard_IPHC.pdf\">Recherche de particules exotiques fortement ionisantes dans l\u2019exp\u00e9rience<\/a> CMS (COLLARD Caroline)<\/p>\n<p>18. <a href=\"http:\/\/edpcp.ipcms.fr\/wp-content\/uploads\/2023\/04\/Dracos_IPHC.pdf\">Improvement of the muon track reconstruction and precision measurement of neutrino oscillation parameters<\/a> (DRACOS Marcos)<\/p>\n<p>19. <a href=\"http:\/\/edpcp.ipcms.fr\/wp-content\/uploads\/2023\/04\/Dujany_Ripp_IPHC.pdf\">Recherche des d\u00e9sint\u00e9grations B\u2192 K(*) nu nubar dans l&rsquo;exp\u00e9rience Belle II<\/a> (RIPP-BAUDOT Isabelle \/ DUJANY Giulio)<\/p>\n<p>20. <a href=\"http:\/\/edpcp.ipcms.fr\/wp-content\/uploads\/2023\/04\/Gall_IPHC.pdf\">Structure and limits of the superheavy nuclear quantum building<\/a> (GALL Beno\u00eet)<\/p>\n<p>21. <a href=\"http:\/\/edpcp.ipcms.fr\/wp-content\/uploads\/2023\/04\/Heine_IPHC.pdf\">Angular Distributions for Astrophysics<\/a> (HEINE Marcel)<\/p>\n<p>22. <a href=\"http:\/\/edpcp.ipcms.fr\/wp-content\/uploads\/2023\/04\/Mours_Pradier_IPHC.pdf\">Toward an accurate measurement of the Gravitational Wave sources density<\/a> (PRADIER Thierry \/ MOURS Beno\u00eet )<\/p>\n<p>23. <a href=\"http:\/\/edpcp.ipcms.fr\/wp-content\/uploads\/2023\/04\/Sieja_IPHC.pdf\">Dipole excitations of nuclei : theoretical models and applications<\/a> (SIEJA Kamila)<\/p>\n<p>&nbsp;<\/p>\n<p style=\"text-align: center;\"><a href=\"http:\/\/astro.unistra.fr\/\"><strong>Observatoire Astronomique de Strasbourg \u2013 UMR 7550<\/strong><\/a><\/p>\n<p>24. <a href=\"http:\/\/edpcp.ipcms.fr\/wp-content\/uploads\/2023\/04\/Cambresy_OBAS.pdf\">Star formation history in the solar neighbourhood from the evolution of X-ray emission of young stars<\/a> (CAMBRESY Laurent \/ NEBOT Ada)<\/p>\n<p>25. <a href=\"http:\/\/edpcp.ipcms.fr\/wp-content\/uploads\/2023\/04\/Ibata_ObAS.pdf\">Exploring dark matter in the distant outskirts of the Milky Way with RR Lyrae variable stars and Deep Learning<\/a> (IBATA Rodrigo)<\/p>\n<p>26. <a href=\"http:\/\/edpcp.ipcms.fr\/wp-content\/uploads\/2023\/04\/Martin_ObAS.pdf\">L\u2019assemblage de la Voie Lact\u00e9e r\u00e9v\u00e9l\u00e9e par les \u00e9toiles anciennes dans le relev\u00e9 WEAVE<\/a> (MARTIN Nicolas)<\/p>\n<p>27. <a href=\"http:\/\/edpcp.ipcms.fr\/wp-content\/uploads\/2023\/04\/Petri_ObAS_2023.pdf\">\u00c9tude de la population des pulsars et des magn\u00e9tars<\/a> (PETRI J\u00e9r\u00f4me)<\/p>\n<p>28. <a href=\"http:\/\/edpcp.ipcms.fr\/wp-content\/uploads\/2023\/04\/VOLLMER_OBAS_2023.pdf\">From Gas to Stars &#8211; Models of Molecular Line Emission in Resolved Observations of Local Spiral Galaxies<\/a> (VOLLMER Bernd)<\/p>\n<p>&nbsp;<\/p>\n<p style=\"text-align: center;\"><strong><a href=\"https:\/\/icpees.unistra.fr\">Institut de Chimie et Proc\u00e9d\u00e9s pour l\u2019Energie, l\u2019Environnement et la Sant\u00e9 \u2013 UMR 7515<\/a><\/strong><\/p>\n<p>29. <a href=\"http:\/\/edpcp.ipcms.fr\/wp-content\/uploads\/2023\/04\/Leclerc_ICPEES.doc\">New polymers for TADF OLEDs and LASERs (LECLERC Nicolas)<\/a><\/p>\n<p>&nbsp;<\/p>\n<p style=\"text-align: center;\"><a href=\"http:\/\/www.ipcms.unistra.fr\/\"><strong>Institut de Physique et Chimie des Mat\u00e9riaux de Strasbourg \u2013 UMR 7504<\/strong><\/a><\/p>\n<p>30. <a href=\"http:\/\/edpcp.ipcms.fr\/wp-content\/uploads\/2023\/04\/Alouani_IPCMS_2023.pdf\">Theory of magnetic nanoparticles on 2D materials for novel transport properties<\/a> (ALOUANI Mebarek)<\/p>\n<p>31. <a href=\"http:\/\/edpcp.ipcms.fr\/wp-content\/uploads\/2023\/04\/Barthelemy_Halte_IPCMS_2023.pdf\">Ultrafast magnetization dynamics of composite heterostructures at the nanometric scale<\/a> (BARTHELEMY Marie \/ HALTE Val\u00e9rie)<\/p>\n<p>32. <a href=\"http:\/\/edpcp.ipcms.fr\/wp-content\/uploads\/2023\/04\/Bellemin-Laponnaz-IPCMS_2023.pdf\">Anionic Metallo-Carbenes : synthesis, study and vectorization for antitumor control<\/a> (BELLEMIN-LAPONNAZ Stephane)<\/p>\n<p>33. <a href=\"http:\/\/edpcp.ipcms.fr\/wp-content\/uploads\/2023\/04\/Boukari_IPCMS_2023.pdf\">Molecular antiferroelectric\/ferroelectric systems for capacitive energy storage<\/a> (BOUKARI Samy \/ GOBAUT Benoit \/ DA COSTA Victor)<\/p>\n<p>34. <a href=\"http:\/\/edpcp.ipcms.fr\/wp-content\/uploads\/2023\/04\/Colis_IPCMS_2023pdf.pdf\">Ferroelectric materials for efficient light harvesting applied to solar cells<\/a> (COLIS Silviu)<\/p>\n<p>35. <a href=\"http:\/\/edpcp.ipcms.fr\/wp-content\/uploads\/2023\/04\/DAleo-Mager_IPCMS_2023.pdf\">New materials and structures for solid-state organic lasers: toward continuous operation and electrical excitation<\/a> (D&rsquo;ALEO Anthony \/ MAGER Loic)<\/p>\n<p>36. <a href=\"http:\/\/edpcp.ipcms.fr\/wp-content\/uploads\/2023\/04\/Douce_IPCMS_2023.pdf\">Ionic liquid crystals with knot topologies<\/a> (DOUCE Laurent)<\/p>\n<p>37. <a href=\"http:\/\/edpcp.ipcms.fr\/wp-content\/uploads\/2023\/04\/2023_GLOPPE_MENY_2D_magnonics.pdf\">2D magnonics<\/a> (GLOPPE Arnaud \/ MENY Christian)<\/p>\n<p>38. <a href=\"http:\/\/edpcp.ipcms.fr\/wp-content\/uploads\/2023\/04\/Goyhenex-Bulou_IPCMS_IPCMS_2023.pdf\">Modelling of multi-component alloy nanoparticles for hydrogen production and storage<\/a> (GOYHENEX Christine \/ BULOU Herv\u00e9)<\/p>\n<p>39. <a href=\"http:\/\/edpcp.ipcms.fr\/wp-content\/uploads\/2023\/04\/Haacke_IPCMS_2023.pdf\">Ultrafast spectroscopy of transparent solar cells designed for the near-IR<\/a> (HAACKE Stefan)<\/p>\n<p>40. <a href=\"http:\/\/edpcp.ipcms.fr\/wp-content\/uploads\/2023\/04\/Hervieux_Manfredi_IPCMS_2023.pdf\">Production of antihydrogen molecular ions<\/a> (HERVIEUX Paul-Antoine \/ MANFREDI Giovanni)<\/p>\n<p>41. <a href=\"http:\/\/edpcp.ipcms.fr\/wp-content\/uploads\/2023\/04\/Kundys_IPCMS_2023.pdf\">Photo-ferroelectric optical transistor<\/a> (KUNDIS Bohdan)<\/p>\n<p>42. <a href=\"http:\/\/edpcp.ipcms.fr\/wp-content\/uploads\/2023\/04\/Pichon_IPCMS_2023.pdf\">Design of original a bio sensor based on SPR nanostructured metal thin films<\/a> (PICHON Benoit)<\/p>\n<p>43. <a href=\"http:\/\/edpcp.ipcms.fr\/wp-content\/uploads\/2023\/04\/Rabu_IPCMS_2023.pdf\">Chromophores in layered oxides and hydroxides: towards Circularly Polarized Luminescent hybrids<\/a> (RABU Pierre)<\/p>\n<p>44. <a href=\"http:\/\/edpcp.ipcms.fr\/wp-content\/uploads\/2023\/04\/Schull_IPCMS_2023.pdf\">Photosynthesis at the nanoscale<\/a>\u00a0 (SCHULL G Guillaume)<\/p>\n<p>&nbsp;<\/p>\n<p style=\"text-align: center;\"><a href=\"http:\/\/www-ics.ipcms.fr\/#&amp;panel1-1\"><strong>Institut Charles Sadron \u2013 UPR 22<\/strong><\/a><\/p>\n<p>45. <a href=\"http:\/\/edpcp.ipcms.fr\/wp-content\/uploads\/2023\/04\/Sujet-The\u0300se2023-MBrinkmann.pdf\">Improved thermoelectric properties in polymer semiconductor thin films through precise intercalation of dopants by high vacuum evaporatio<\/a>n (BRINKMANN Martin)<\/p>\n<p>46. <a href=\"http:\/\/edpcp.ipcms.fr\/wp-content\/uploads\/2023\/04\/Constantin_ICS.pdf\">Supercrystals of noble metal nanoparticles: lattice packing and plasmonic properties<\/a> (CONSTANTIN Doru)<\/p>\n<p>47. <a href=\"http:\/\/edpcp.ipcms.fr\/wp-content\/uploads\/2023\/04\/Sujet_Doctorat_CGauthier-MSolar_2023.pdf\">Thermique du contact et rh\u00e9ologie de l\u2019interface de contact des surfaces polym\u00e8res<\/a> (GAUTHIER Christian)<\/p>\n<p>48. <a href=\"http:\/\/edpcp.ipcms.fr\/wp-content\/uploads\/2023\/04\/Kulic-StatMechBoids.pdf\">Non-Equilibrium Statistical Physics of Collective Fiberboids<\/a> (KULI\u0106 Igor)<\/p>\n<p>49. <a href=\"http:\/\/edpcp.ipcms.fr\/wp-content\/uploads\/2023\/04\/Proposition-de-the\u0300se_SCHMUTZ_JIERRY_2023_ICS.pdf\">R\u00e9solution de structures nanofibrillaires et microstructuration d\u2019hydrogels<\/a> (SCHMUTZ Marc \/ JIERRY Lo\u00efc)<\/p>\n<p>50. <a href=\"http:\/\/edpcp.ipcms.fr\/wp-content\/uploads\/2023\/04\/Sujet-ED-Serra-Vauthier.pdf\">Responsive anisotropic polymeric nanoparticle<\/a>s (VAUTHIER Madeline \/ SERRA Christophe)<\/p>\n<p>51. <a href=\"http:\/\/edpcp.ipcms.fr\/wp-content\/uploads\/2023\/04\/2023-ED-application-MV.doc.pdf\">Solvent-Induced Reinforcement of Polymer Gels<\/a> (VAHDATI Mehdi \/ FELIX Olivier)<\/p>\n<p>52. <a href=\"http:\/\/edpcp.ipcms.fr\/wp-content\/uploads\/2023\/04\/jwittmer.pdf\">Long-range stress and strain correlations in simulated polymer melts and networks<\/a> (WITTMER Joachim P.)<\/p>\n<div id=\"themify_builder_content-6333\" data-postid=\"6333\" class=\"themify_builder_content themify_builder_content-6333 themify_builder\">\n    <\/div>\n<!-- \/themify_builder_content -->","protected":false},"excerpt":{"rendered":"<p>Sujet prioritaires 2023 \/ Priority Research Topics 2023 Institut de Sciences des Mat\u00e9riaux de Mulhouse \u2013 UMR 7361 1. Mise au point de nouvelles r\u00e9actions sous lumi\u00e8re visible pour la chimie fine (BECHT Jean-Michel) 2. Development of adsorbent materials (catalyst support) for CO2 capture and conversion (BENNICI Simona) 3. 3D printing of Carbon Architectures using [&hellip;]<\/p>\n","protected":false},"author":11,"featured_media":0,"parent":0,"menu_order":0,"comment_status":"closed","ping_status":"closed","template":"","meta":{"footnotes":""},"class_list":["post-6333","page","type-page","status-publish","hentry","has-post-title","has-post-date","has-post-category","has-post-tag","has-post-comment","has-post-author",""],"_links":{"self":[{"href":"https:\/\/edpcp.ipcms.fr\/index.php?rest_route=\/wp\/v2\/pages\/6333","targetHints":{"allow":["GET"]}}],"collection":[{"href":"https:\/\/edpcp.ipcms.fr\/index.php?rest_route=\/wp\/v2\/pages"}],"about":[{"href":"https:\/\/edpcp.ipcms.fr\/index.php?rest_route=\/wp\/v2\/types\/page"}],"author":[{"embeddable":true,"href":"https:\/\/edpcp.ipcms.fr\/index.php?rest_route=\/wp\/v2\/users\/11"}],"replies":[{"embeddable":true,"href":"https:\/\/edpcp.ipcms.fr\/index.php?rest_route=%2Fwp%2Fv2%2Fcomments&post=6333"}],"version-history":[{"count":166,"href":"https:\/\/edpcp.ipcms.fr\/index.php?rest_route=\/wp\/v2\/pages\/6333\/revisions"}],"predecessor-version":[{"id":6745,"href":"https:\/\/edpcp.ipcms.fr\/index.php?rest_route=\/wp\/v2\/pages\/6333\/revisions\/6745"}],"wp:attachment":[{"href":"https:\/\/edpcp.ipcms.fr\/index.php?rest_route=%2Fwp%2Fv2%2Fmedia&parent=6333"}],"curies":[{"name":"wp","href":"https:\/\/api.w.org\/{rel}","templated":true}]}}